{"id":3364,"date":"2024-01-18T20:31:30","date_gmt":"2024-01-18T17:31:30","guid":{"rendered":"https:\/\/ferruhtunc.org\/?page_id=3364"},"modified":"2024-01-18T20:36:35","modified_gmt":"2024-01-18T17:36:35","slug":"soylesiler-2","status":"publish","type":"page","link":"https:\/\/ferruhtunc.org\/index.php\/soylesiler-2\/","title":{"rendered":"S\u00f6yle\u015filer"},"content":{"rendered":"\t\t<div data-elementor-type=\"wp-page\" data-elementor-id=\"3364\" class=\"elementor elementor-3364\">\n\t\t\t\t\t\t\t<div class=\"elementor-element elementor-element-dfcbd99 e-flex e-con-boxed e-con e-parent\" data-id=\"dfcbd99\" data-element_type=\"container\" data-settings=\"{&quot;content_width&quot;:&quot;boxed&quot;}\" data-core-v316-plus=\"true\">\n\t\t\t\t\t<div class=\"e-con-inner\">\n\t\t\t\t<div class=\"elementor-element elementor-element-c0c0178 elementor-widget elementor-widget-text-editor\" data-id=\"c0c0178\" data-element_type=\"widget\" data-widget_type=\"text-editor.default\">\n\t\t\t\t<div class=\"elementor-widget-container\">\n\t\t\t<style>\/*! elementor - v3.18.0 - 20-12-2023 *\/\n.elementor-widget-text-editor.elementor-drop-cap-view-stacked .elementor-drop-cap{background-color:#69727d;color:#fff}.elementor-widget-text-editor.elementor-drop-cap-view-framed .elementor-drop-cap{color:#69727d;border:3px solid;background-color:transparent}.elementor-widget-text-editor:not(.elementor-drop-cap-view-default) .elementor-drop-cap{margin-top:8px}.elementor-widget-text-editor:not(.elementor-drop-cap-view-default) .elementor-drop-cap-letter{width:1em;height:1em}.elementor-widget-text-editor .elementor-drop-cap{float:left;text-align:center;line-height:1;font-size:50px}.elementor-widget-text-editor .elementor-drop-cap-letter{display:inline-block}<\/style>\t\t\t\t<h2>Ferruh Tun\u00e7 &#8211; Bir C\u00fcmle Olmaya Geldim<\/h2><p>\u015eiir, ayar\u0131 bozulan s\u00f6ze mihenktir<\/p><p>Ferruh Tun\u00e7, ilki maalesef ula\u015f\u0131lamayan (\u015eehrin Eski Yolcusu), ikincisi ve \u00fc\u00e7\u00fcnc\u00fcs\u00fc kitabevlerinin hayli dar \u015fiir raflar\u0131nda \u0131srarla arad\u0131k\u00e7a bulunan (Melez Zamanlar ve Tun\u00e7 Ayna) kitaplar\u0131ndan sonra d\u00f6rd\u00fcnc\u00fc \u015fiir kitab\u0131yla yan\u0131m\u0131zda. \u0130\u015fin ilgin\u00e7 yan\u0131 Ekim ay\u0131nda bas\u0131lan kitap, hem de \u015fiirin \u0131ss\u0131za b\u0131rak\u0131ld\u0131\u011f\u0131 bir \u2018an\u2019da, yeni y\u0131la yeni bask\u0131 haz\u0131rl\u0131\u011f\u0131 ile giriyor.\u00a0<\/p><p><strong><a href=\"https:\/\/ferruhtunc.org\/index.php\/portfolio-archive\/bir-cumle-olmaya-geldim\/\">Devam\u0131n\u0131 Oku<\/a><\/strong><\/p>\t\t\t\t\t\t<\/div>\n\t\t\t\t<\/div>\n\t\t\t\t\t<\/div>\n\t\t\t\t<\/div>\n\t\t<div class=\"elementor-element elementor-element-e9ed3c2 e-flex e-con-boxed e-con e-parent\" data-id=\"e9ed3c2\" data-element_type=\"container\" data-settings=\"{&quot;content_width&quot;:&quot;boxed&quot;}\" data-core-v316-plus=\"true\">\n\t\t\t\t\t<div class=\"e-con-inner\">\n\t\t\t\t<div class=\"elementor-element elementor-element-42f3027 elementor-widget-divider--view-line elementor-widget elementor-widget-divider\" data-id=\"42f3027\" data-element_type=\"widget\" data-widget_type=\"divider.default\">\n\t\t\t\t<div class=\"elementor-widget-container\">\n\t\t\t<style>\/*! elementor - v3.18.0 - 20-12-2023 *\/\n.elementor-widget-divider{--divider-border-style:none;--divider-border-width:1px;--divider-color:#0c0d0e;--divider-icon-size:20px;--divider-element-spacing:10px;--divider-pattern-height:24px;--divider-pattern-size:20px;--divider-pattern-url:none;--divider-pattern-repeat:repeat-x}.elementor-widget-divider .elementor-divider{display:flex}.elementor-widget-divider .elementor-divider__text{font-size:15px;line-height:1;max-width:95%}.elementor-widget-divider .elementor-divider__element{margin:0 var(--divider-element-spacing);flex-shrink:0}.elementor-widget-divider .elementor-icon{font-size:var(--divider-icon-size)}.elementor-widget-divider .elementor-divider-separator{display:flex;margin:0;direction:ltr}.elementor-widget-divider--view-line_icon .elementor-divider-separator,.elementor-widget-divider--view-line_text .elementor-divider-separator{align-items:center}.elementor-widget-divider--view-line_icon .elementor-divider-separator:after,.elementor-widget-divider--view-line_icon .elementor-divider-separator:before,.elementor-widget-divider--view-line_text .elementor-divider-separator:after,.elementor-widget-divider--view-line_text .elementor-divider-separator:before{display:block;content:\"\";border-bottom:0;flex-grow:1;border-top:var(--divider-border-width) var(--divider-border-style) var(--divider-color)}.elementor-widget-divider--element-align-left .elementor-divider .elementor-divider-separator>.elementor-divider__svg:first-of-type{flex-grow:0;flex-shrink:100}.elementor-widget-divider--element-align-left .elementor-divider-separator:before{content:none}.elementor-widget-divider--element-align-left .elementor-divider__element{margin-left:0}.elementor-widget-divider--element-align-right .elementor-divider .elementor-divider-separator>.elementor-divider__svg:last-of-type{flex-grow:0;flex-shrink:100}.elementor-widget-divider--element-align-right .elementor-divider-separator:after{content:none}.elementor-widget-divider--element-align-right .elementor-divider__element{margin-right:0}.elementor-widget-divider:not(.elementor-widget-divider--view-line_text):not(.elementor-widget-divider--view-line_icon) .elementor-divider-separator{border-top:var(--divider-border-width) var(--divider-border-style) var(--divider-color)}.elementor-widget-divider--separator-type-pattern{--divider-border-style:none}.elementor-widget-divider--separator-type-pattern.elementor-widget-divider--view-line .elementor-divider-separator,.elementor-widget-divider--separator-type-pattern:not(.elementor-widget-divider--view-line) .elementor-divider-separator:after,.elementor-widget-divider--separator-type-pattern:not(.elementor-widget-divider--view-line) .elementor-divider-separator:before,.elementor-widget-divider--separator-type-pattern:not([class*=elementor-widget-divider--view]) .elementor-divider-separator{width:100%;min-height:var(--divider-pattern-height);-webkit-mask-size:var(--divider-pattern-size) 100%;mask-size:var(--divider-pattern-size) 100%;-webkit-mask-repeat:var(--divider-pattern-repeat);mask-repeat:var(--divider-pattern-repeat);background-color:var(--divider-color);-webkit-mask-image:var(--divider-pattern-url);mask-image:var(--divider-pattern-url)}.elementor-widget-divider--no-spacing{--divider-pattern-size:auto}.elementor-widget-divider--bg-round{--divider-pattern-repeat:round}.rtl .elementor-widget-divider .elementor-divider__text{direction:rtl}.e-con-inner>.elementor-widget-divider,.e-con>.elementor-widget-divider{width:var(--container-widget-width,100%);--flex-grow:var(--container-widget-flex-grow)}<\/style>\t\t<div class=\"elementor-divider\">\n\t\t\t<span class=\"elementor-divider-separator\">\n\t\t\t\t\t\t<\/span>\n\t\t<\/div>\n\t\t\t\t<\/div>\n\t\t\t\t<\/div>\n\t\t\t\t\t<\/div>\n\t\t\t\t<\/div>\n\t\t<div class=\"elementor-element elementor-element-e0d40e2 e-flex e-con-boxed e-con e-parent\" data-id=\"e0d40e2\" data-element_type=\"container\" data-settings=\"{&quot;content_width&quot;:&quot;boxed&quot;}\" data-core-v316-plus=\"true\">\n\t\t\t\t\t<div class=\"e-con-inner\">\n\t\t\t\t<div class=\"elementor-element elementor-element-3ad6111 elementor-widget elementor-widget-text-editor\" data-id=\"3ad6111\" data-element_type=\"widget\" data-widget_type=\"text-editor.default\">\n\t\t\t\t<div class=\"elementor-widget-container\">\n\t\t\t\t\t\t\t<h2>Ferruh Tun\u00e7 &#8211; Tun\u00e7 Ayna<\/h2><p>\u201cMuhta\u00e7 oldu\u011fumuz kudret, k\u00fclt\u00fcrel kavray\u0131\u015ft\u0131r.\u201d<\/p><p>\u201cT\u00fcrk olmak, ilk modernlerde sonra insanc\u0131l- evrenselci bir geni\u015flikten \u015fiirimizin modern sonras\u0131 m\u00fcktesebat\u0131na girebilsin istiyorum. B\u00f6ylece postmodernizmin zihinlerimiz ve ruhumuzdaki c\u00fcruflar\u0131n\u0131n temizlenmesini de h\u0131zland\u0131rabiliriz.\u201d<\/p><p><a href=\"https:\/\/ferruhtunc.org\/index.php\/portfolio-archive\/tuncayna\/\"><strong>Devam\u0131n\u0131 Oku<\/strong><\/a><\/p>\t\t\t\t\t\t<\/div>\n\t\t\t\t<\/div>\n\t\t\t\t\t<\/div>\n\t\t\t\t<\/div>\n\t\t<div class=\"elementor-element elementor-element-2fe4169 e-flex e-con-boxed e-con e-parent\" data-id=\"2fe4169\" data-element_type=\"container\" data-settings=\"{&quot;content_width&quot;:&quot;boxed&quot;}\" data-core-v316-plus=\"true\">\n\t\t\t\t\t<div class=\"e-con-inner\">\n\t\t\t\t<div class=\"elementor-element elementor-element-67a8320 elementor-widget-divider--view-line elementor-widget elementor-widget-divider\" data-id=\"67a8320\" data-element_type=\"widget\" data-widget_type=\"divider.default\">\n\t\t\t\t<div class=\"elementor-widget-container\">\n\t\t\t\t\t<div class=\"elementor-divider\">\n\t\t\t<span class=\"elementor-divider-separator\">\n\t\t\t\t\t\t<\/span>\n\t\t<\/div>\n\t\t\t\t<\/div>\n\t\t\t\t<\/div>\n\t\t\t\t\t<\/div>\n\t\t\t\t<\/div>\n\t\t<div class=\"elementor-element elementor-element-34c2c7b e-flex e-con-boxed e-con e-parent\" data-id=\"34c2c7b\" data-element_type=\"container\" data-settings=\"{&quot;content_width&quot;:&quot;boxed&quot;}\" data-core-v316-plus=\"true\">\n\t\t\t\t\t<div class=\"e-con-inner\">\n\t\t\t\t<div class=\"elementor-element elementor-element-1b337c1 elementor-widget elementor-widget-text-editor\" data-id=\"1b337c1\" data-element_type=\"widget\" data-widget_type=\"text-editor.default\">\n\t\t\t\t<div class=\"elementor-widget-container\">\n\t\t\t\t\t\t\t<h2>Ferruh Tun\u00e7 &#8211; Melez Zamanlar<\/h2><p>\u201cMelez Zamanlar\u201ddaki \u015fiirler, benim \u00f6nceki d\u00f6nemindekilerden daha \u00e7ok ilgimi \u00e7ekiyor. Bence ilk kitaptan sonra, \u00f6zellikle son y\u0131llarda \u015fiirin b\u00fcy\u00fck bir d\u00f6n\u00fc\u015f\u00fcm ya\u015fad\u0131 ve \u00f6nemli bir noktaya \u00e7\u0131kt\u0131. Sen kendindeki de\u011fi\u015fimi nas\u0131l g\u00f6r\u00fcyorsun.<\/p><p><img fetchpriority=\"high\" decoding=\"async\" class=\"alignnone size-medium wp-image-3250\" src=\"https:\/\/ferruhtunc.org\/wp-content\/uploads\/2024\/01\/Semih-Gumus-Soylesi-Gorseli-300x225.jpeg\" alt=\"\" width=\"300\" height=\"225\" srcset=\"https:\/\/ferruhtunc.org\/wp-content\/uploads\/2024\/01\/Semih-Gumus-Soylesi-Gorseli-300x225.jpeg 300w, https:\/\/ferruhtunc.org\/wp-content\/uploads\/2024\/01\/Semih-Gumus-Soylesi-Gorseli-768x576.jpeg 768w, https:\/\/ferruhtunc.org\/wp-content\/uploads\/2024\/01\/Semih-Gumus-Soylesi-Gorseli-320x240.jpeg 320w, https:\/\/ferruhtunc.org\/wp-content\/uploads\/2024\/01\/Semih-Gumus-Soylesi-Gorseli-rotated.jpeg 1024w\" sizes=\"(max-width: 300px) 100vw, 300px\" \/> <img decoding=\"async\" class=\"alignnone size-medium wp-image-3249\" src=\"https:\/\/ferruhtunc.org\/wp-content\/uploads\/2024\/01\/Caglayan-Cevik-Soylesi-Gorseli-300x225.jpeg\" alt=\"\" width=\"300\" height=\"225\" srcset=\"https:\/\/ferruhtunc.org\/wp-content\/uploads\/2024\/01\/Caglayan-Cevik-Soylesi-Gorseli-300x225.jpeg 300w, https:\/\/ferruhtunc.org\/wp-content\/uploads\/2024\/01\/Caglayan-Cevik-Soylesi-Gorseli-768x576.jpeg 768w, https:\/\/ferruhtunc.org\/wp-content\/uploads\/2024\/01\/Caglayan-Cevik-Soylesi-Gorseli-320x240.jpeg 320w, https:\/\/ferruhtunc.org\/wp-content\/uploads\/2024\/01\/Caglayan-Cevik-Soylesi-Gorseli-rotated.jpeg 1024w\" sizes=\"(max-width: 300px) 100vw, 300px\" \/><\/p>\t\t\t\t\t\t<\/div>\n\t\t\t\t<\/div>\n\t\t\t\t\t<\/div>\n\t\t\t\t<\/div>\n\t\t<div class=\"elementor-element elementor-element-bd5d90b e-flex e-con-boxed e-con e-parent\" data-id=\"bd5d90b\" data-element_type=\"container\" data-settings=\"{&quot;content_width&quot;:&quot;boxed&quot;}\" data-core-v316-plus=\"true\">\n\t\t\t\t\t<div class=\"e-con-inner\">\n\t\t\t\t<div class=\"elementor-element elementor-element-fc9ce54 elementor-widget-divider--view-line elementor-widget elementor-widget-divider\" data-id=\"fc9ce54\" data-element_type=\"widget\" data-widget_type=\"divider.default\">\n\t\t\t\t<div class=\"elementor-widget-container\">\n\t\t\t\t\t<div class=\"elementor-divider\">\n\t\t\t<span class=\"elementor-divider-separator\">\n\t\t\t\t\t\t<\/span>\n\t\t<\/div>\n\t\t\t\t<\/div>\n\t\t\t\t<\/div>\n\t\t\t\t\t<\/div>\n\t\t\t\t<\/div>\n\t\t<div class=\"elementor-element elementor-element-37550b6 e-flex e-con-boxed e-con e-parent\" data-id=\"37550b6\" data-element_type=\"container\" data-settings=\"{&quot;content_width&quot;:&quot;boxed&quot;}\" data-core-v316-plus=\"true\">\n\t\t\t\t\t<div class=\"e-con-inner\">\n\t\t\t\t<div class=\"elementor-element elementor-element-14e23fa elementor-widget elementor-widget-text-editor\" data-id=\"14e23fa\" data-element_type=\"widget\" data-widget_type=\"text-editor.default\">\n\t\t\t\t<div class=\"elementor-widget-container\">\n\t\t\t\t\t\t\t<h2>Ferruh Tun\u00e7&#8217;la S\u00f6yle\u015filer<\/h2><p><b>Seni \u015fiirin 2.Yeniyle toplumcu ger\u00e7ek\u00e7ilik aras\u0131nda bir yerden filizlenmi\u015f gibi g\u00f6r\u00fcn\u00fcyor, bunu birka\u00e7 betik daha yay\u0131nland\u0131ktan sonra daha belirgin olarak almak isterim\u2026<\/b>Toplumcu \u015fiir deyince, ikinci yeni gibi, garip \u015fiiri gibi, bir ku\u015fakla, bir d\u00f6nemle, ya da ba\u015fka g\u00f6rece k\u00f6\u015feli bir poetikayla s\u0131n\u0131rlayabilece\u011fimiz bir \u015fiiri kastetmemiz zor d\u00fc\u015f\u00fcncesindeyim. Modern \u015firimizin her d\u00f6neminde farkl\u0131 yo\u011funlukta yer alm\u0131\u015f bir tutumdur toplumcu \u015fiir.<\/p><p><strong><a href=\"https:\/\/ferruhtunc.org\/index.php\/soylesiler\/\">Devam\u0131n\u0131 Oku<\/a><\/strong><\/p>\t\t\t\t\t\t<\/div>\n\t\t\t\t<\/div>\n\t\t\t\t\t<\/div>\n\t\t\t\t<\/div>\n\t\t<div class=\"elementor-element elementor-element-f857dec e-flex e-con-boxed e-con e-parent\" data-id=\"f857dec\" data-element_type=\"container\" data-settings=\"{&quot;content_width&quot;:&quot;boxed&quot;}\" data-core-v316-plus=\"true\">\n\t\t\t\t\t<div class=\"e-con-inner\">\n\t\t\t\t<div class=\"elementor-element elementor-element-d4295fe elementor-widget-divider--view-line elementor-widget elementor-widget-divider\" data-id=\"d4295fe\" data-element_type=\"widget\" data-widget_type=\"divider.default\">\n\t\t\t\t<div class=\"elementor-widget-container\">\n\t\t\t\t\t<div class=\"elementor-divider\">\n\t\t\t<span class=\"elementor-divider-separator\">\n\t\t\t\t\t\t<\/span>\n\t\t<\/div>\n\t\t\t\t<\/div>\n\t\t\t\t<\/div>\n\t\t\t\t\t<\/div>\n\t\t\t\t<\/div>\n\t\t\t\t\t\t\t<\/div>\n\t\t","protected":false},"excerpt":{"rendered":"<p>Ferruh Tun\u00e7 &#8211; Bir C\u00fcmle Olmaya Geldim \u015eiir, ayar\u0131 bozulan s\u00f6ze mihenktir Ferruh Tun\u00e7, ilki maalesef ula\u015f\u0131lamayan (\u015eehrin Eski Yolcusu), ikincisi ve \u00fc\u00e7\u00fcnc\u00fcs\u00fc kitabevlerinin hayli&#8230;<\/p>\n","protected":false},"author":1,"featured_media":0,"parent":0,"menu_order":0,"comment_status":"closed","ping_status":"closed","template":"","meta":{"_monsterinsights_skip_tracking":false,"_monsterinsights_sitenote_active":false,"_monsterinsights_sitenote_note":"","_monsterinsights_sitenote_category":0,"footnotes":""},"class_list":["post-3364","page","type-page","status-publish","hentry"],"acf":[],"aioseo_notices":[],"_links":{"self":[{"href":"https:\/\/ferruhtunc.org\/index.php\/wp-json\/wp\/v2\/pages\/3364","targetHints":{"allow":["GET"]}}],"collection":[{"href":"https:\/\/ferruhtunc.org\/index.php\/wp-json\/wp\/v2\/pages"}],"about":[{"href":"https:\/\/ferruhtunc.org\/index.php\/wp-json\/wp\/v2\/types\/page"}],"author":[{"embeddable":true,"href":"https:\/\/ferruhtunc.org\/index.php\/wp-json\/wp\/v2\/users\/1"}],"replies":[{"embeddable":true,"href":"https:\/\/ferruhtunc.org\/index.php\/wp-json\/wp\/v2\/comments?post=3364"}],"version-history":[{"count":5,"href":"https:\/\/ferruhtunc.org\/index.php\/wp-json\/wp\/v2\/pages\/3364\/revisions"}],"predecessor-version":[{"id":3370,"href":"https:\/\/ferruhtunc.org\/index.php\/wp-json\/wp\/v2\/pages\/3364\/revisions\/3370"}],"wp:attachment":[{"href":"https:\/\/ferruhtunc.org\/index.php\/wp-json\/wp\/v2\/media?parent=3364"}],"curies":[{"name":"wp","href":"https:\/\/api.w.org\/{rel}","templated":true}]}}