{"id":3316,"date":"2024-01-16T23:29:21","date_gmt":"2024-01-16T20:29:21","guid":{"rendered":"https:\/\/ferruhtunc.org\/?page_id=3316"},"modified":"2024-01-28T11:49:36","modified_gmt":"2024-01-28T08:49:36","slug":"neden-ne-nasil","status":"publish","type":"page","link":"https:\/\/ferruhtunc.org\/index.php\/neden-ne-nasil\/","title":{"rendered":"Neden? Ne? Nas\u0131l?"},"content":{"rendered":"\t\t<div data-elementor-type=\"wp-page\" data-elementor-id=\"3316\" class=\"elementor elementor-3316\">\n\t\t\t\t\t\t\t<div class=\"elementor-element elementor-element-ff3ceab e-flex e-con-boxed e-con e-parent\" data-id=\"ff3ceab\" data-element_type=\"container\" data-settings=\"{&quot;content_width&quot;:&quot;boxed&quot;}\" data-core-v316-plus=\"true\">\n\t\t\t\t\t<div class=\"e-con-inner\">\n\t\t\t\t<div class=\"elementor-element elementor-element-87e9ac0 elementor-widget elementor-widget-spacer\" data-id=\"87e9ac0\" data-element_type=\"widget\" data-widget_type=\"spacer.default\">\n\t\t\t\t<div class=\"elementor-widget-container\">\n\t\t\t<style>\/*! elementor - v3.18.0 - 20-12-2023 *\/\n.elementor-column .elementor-spacer-inner{height:var(--spacer-size)}.e-con{--container-widget-width:100%}.e-con-inner>.elementor-widget-spacer,.e-con>.elementor-widget-spacer{width:var(--container-widget-width,var(--spacer-size));--align-self:var(--container-widget-align-self,initial);--flex-shrink:0}.e-con-inner>.elementor-widget-spacer>.elementor-widget-container,.e-con>.elementor-widget-spacer>.elementor-widget-container{height:100%;width:100%}.e-con-inner>.elementor-widget-spacer>.elementor-widget-container>.elementor-spacer,.e-con>.elementor-widget-spacer>.elementor-widget-container>.elementor-spacer{height:100%}.e-con-inner>.elementor-widget-spacer>.elementor-widget-container>.elementor-spacer>.elementor-spacer-inner,.e-con>.elementor-widget-spacer>.elementor-widget-container>.elementor-spacer>.elementor-spacer-inner{height:var(--container-widget-height,var(--spacer-size))}.e-con-inner>.elementor-widget-spacer.elementor-widget-empty,.e-con>.elementor-widget-spacer.elementor-widget-empty{position:relative;min-height:22px;min-width:22px}.e-con-inner>.elementor-widget-spacer.elementor-widget-empty .elementor-widget-empty-icon,.e-con>.elementor-widget-spacer.elementor-widget-empty .elementor-widget-empty-icon{position:absolute;top:0;bottom:0;left:0;right:0;margin:auto;padding:0;width:22px;height:22px}<\/style>\t\t<div class=\"elementor-spacer\">\n\t\t\t<div class=\"elementor-spacer-inner\"><\/div>\n\t\t<\/div>\n\t\t\t\t<\/div>\n\t\t\t\t<\/div>\n\t\t\t\t\t<\/div>\n\t\t\t\t<\/div>\n\t\t<div class=\"elementor-element elementor-element-cb48df8 e-con-full e-flex e-con e-parent\" data-id=\"cb48df8\" data-element_type=\"container\" data-settings=\"{&quot;content_width&quot;:&quot;full&quot;}\" data-core-v316-plus=\"true\">\n\t\t\t\t<div class=\"elementor-element elementor-element-5d3058a elementor-widget elementor-widget-text-editor\" data-id=\"5d3058a\" data-element_type=\"widget\" data-widget_type=\"text-editor.default\">\n\t\t\t\t<div class=\"elementor-widget-container\">\n\t\t\t<style>\/*! elementor - v3.18.0 - 20-12-2023 *\/\n.elementor-widget-text-editor.elementor-drop-cap-view-stacked .elementor-drop-cap{background-color:#69727d;color:#fff}.elementor-widget-text-editor.elementor-drop-cap-view-framed .elementor-drop-cap{color:#69727d;border:3px solid;background-color:transparent}.elementor-widget-text-editor:not(.elementor-drop-cap-view-default) .elementor-drop-cap{margin-top:8px}.elementor-widget-text-editor:not(.elementor-drop-cap-view-default) .elementor-drop-cap-letter{width:1em;height:1em}.elementor-widget-text-editor .elementor-drop-cap{float:left;text-align:center;line-height:1;font-size:50px}.elementor-widget-text-editor .elementor-drop-cap-letter{display:inline-block}<\/style>\t\t\t\t<h3>NEDEN?<\/h3><p>Bu platform; Ferruh Tun\u00e7\u2019un edebi ve d\u00fc\u015f\u00fcnsel verimini, ilgilileri ile etkile\u015fime a\u00e7\u0131k tutmak i\u00e7in vard\u0131r.<\/p><p>\u00a0<\/p><h3>NE?<\/h3><p>Bunun i\u00e7in;<\/p><p>\u2022 Ferruh Tun\u00e7\u2019un yay\u0131nlanm\u0131\u015f edebi verimi hakk\u0131nda bilgi sunarken kimi hallerde ilk yay\u0131nlan kanal\u0131 i\u015flevi de g\u00f6r\u00fcr.<br \/>\u2022 Okur ya da okur topluluklar\u0131 ile etkile\u015fim olanaklar\u0131 sunar<br \/>\u2022 Ferruh Tun\u00e7\u2019un ba\u015fka ileti\u015fim-etkile\u015fim kanallar\u0131 ile ba\u011flant\u0131 kurar<\/p><h3><span style=\"letter-spacing: 0px;\">NASIL?<\/span><\/h3><p>Okumakta oldu\u011funuz ana sayfan\u0131n sa\u011f \u00fcst k\u00f6\u015fesindeki sekmelerden yararlanarak; \u2018\u00d6zge\u00e7mi\u015f\u2019 ve \u2018ileti\u015fim\u2019 ile \u2018Blog\u2019 (\u0130zimin \u00dcst\u00fcnde) ve \u2018Kitaplar\u2019 b\u00f6l\u00fcmlerine ula\u015fabilirsiniz. Blog (\u0130zimin \u00dcst\u00fcnde) b\u00f6l\u00fcm\u00fcnde; Ferruh Tun\u00e7\u2019un son d\u00f6nemlerde yazd\u0131\u011f\u0131 \u015fiir ve yaz\u0131lar\u0131ndan \u00f6rnekler, kat\u0131ld\u0131\u011f\u0131 edebi ve d\u00fc\u015f\u00fcnsel etkinlikler ile ilgili haberler ve videolar ile foto\u011fraflar almaktad\u0131r. Kitaplar b\u00f6l\u00fcm\u00fcnde ise, Ferruh Tun\u00e7\u2019un yay\u0131nlanm\u0131\u015f kitaplar\u0131ndan tad\u0131ml\u0131k par\u00e7alar, bu kitaplar \u00fczerine yap\u0131lm\u0131\u015f de\u011ferlendirme ve yorumlar ile s\u00f6yle\u015fileri bulabilirsiniz.<\/p>\t\t\t\t\t\t<\/div>\n\t\t\t\t<\/div>\n\t\t\t\t<\/div>\n\t\t\t\t\t\t\t<\/div>\n\t\t","protected":false},"excerpt":{"rendered":"<p>NEDEN? Bu platform; Ferruh Tun\u00e7\u2019un edebi ve d\u00fc\u015f\u00fcnsel verimini, ilgilileri ile etkile\u015fime a\u00e7\u0131k tutmak i\u00e7in vard\u0131r. \u00a0 NE? Bunun i\u00e7in; \u2022 Ferruh Tun\u00e7\u2019un yay\u0131nlanm\u0131\u015f edebi&#8230;<\/p>\n","protected":false},"author":1,"featured_media":0,"parent":0,"menu_order":0,"comment_status":"closed","ping_status":"closed","template":"elementor_header_footer","meta":{"_monsterinsights_skip_tracking":false,"_monsterinsights_sitenote_active":false,"_monsterinsights_sitenote_note":"","_monsterinsights_sitenote_category":0,"footnotes":""},"class_list":["post-3316","page","type-page","status-publish","hentry"],"acf":[],"aioseo_notices":[],"_links":{"self":[{"href":"https:\/\/ferruhtunc.org\/index.php\/wp-json\/wp\/v2\/pages\/3316","targetHints":{"allow":["GET"]}}],"collection":[{"href":"https:\/\/ferruhtunc.org\/index.php\/wp-json\/wp\/v2\/pages"}],"about":[{"href":"https:\/\/ferruhtunc.org\/index.php\/wp-json\/wp\/v2\/types\/page"}],"author":[{"embeddable":true,"href":"https:\/\/ferruhtunc.org\/index.php\/wp-json\/wp\/v2\/users\/1"}],"replies":[{"embeddable":true,"href":"https:\/\/ferruhtunc.org\/index.php\/wp-json\/wp\/v2\/comments?post=3316"}],"version-history":[{"count":28,"href":"https:\/\/ferruhtunc.org\/index.php\/wp-json\/wp\/v2\/pages\/3316\/revisions"}],"predecessor-version":[{"id":3409,"href":"https:\/\/ferruhtunc.org\/index.php\/wp-json\/wp\/v2\/pages\/3316\/revisions\/3409"}],"wp:attachment":[{"href":"https:\/\/ferruhtunc.org\/index.php\/wp-json\/wp\/v2\/media?parent=3316"}],"curies":[{"name":"wp","href":"https:\/\/api.w.org\/{rel}","templated":true}]}}